{"id":7232,"date":"2023-05-29T12:20:12","date_gmt":"2023-05-29T11:20:12","guid":{"rendered":"https:\/\/darkgray-okapi-906744.hostingersite.com\/?post_type=product&#038;p=7232"},"modified":"2026-02-24T10:12:56","modified_gmt":"2026-02-24T10:12:56","slug":"cachaca-de-alambique-vanderley-azevedo-prata-70cl","status":"publish","type":"product","link":"https:\/\/mundodacachaca.pt\/es\/producto\/cachaca-de-alambique-vanderley-azevedo-prata-70cl\/","title":{"rendered":"Vanderley Azevedo Prata Still Cacha\u00e7a 70cl"},"content":{"rendered":"<p>Final quente com uma agrad\u00e1vel sensa\u00e7\u00e3o doce e picante. Uma pot\u00eancia da cana-de-a\u00e7\u00facar recheada de sabores t\u00edpicos e bem desenvolvidos.<br \/>\nAROMA: Suco de cana fresco com notas de ervas, a\u00e7\u00facar mascavo e mel, com suave toque floral.<br \/>\nSABOR: A sensa\u00e7\u00e3o na boca \u00e9 equilibrada, com harmonia entre do\u00e7ura e adstring\u00eancia et\u00edlica, e textura em sintonia com o aroma. Notas florais e herb\u00e1ceas da cana est\u00e3o presentes, resultando em final longo\u00a0e\u00a0assertivo.<\/p>","protected":false},"excerpt":{"rendered":"<p>Final quente com uma agrad\u00e1vel sensa\u00e7\u00e3o doce e picante. Uma pot\u00eancia da cana-de-a\u00e7\u00facar recheada de sabores t\u00edpicos e bem desenvolvidos.<br \/>\nAROMA: Suco de cana fresco com notas de ervas, a\u00e7\u00facar mascavo e mel, com suave toque floral.<br \/>\nSABOR: A sensa\u00e7\u00e3o na boca \u00e9 equilibrada, com harmonia entre do\u00e7ura e adstring\u00eancia et\u00edlica, e textura em sintonia com o aroma. Notas florais e herb\u00e1ceas da cana est\u00e3o presentes, resultando em final longo\u00a0e\u00a0assertivo.<\/p>","protected":false},"featured_media":7233,"comment_status":"open","ping_status":"closed","template":"","meta":{"_acf_changed":false,"_monsterinsights_skip_tracking":false,"_monsterinsights_sitenote_active":false,"_monsterinsights_sitenote_note":"","_monsterinsights_sitenote_category":0,"_joinchat":[]},"product_cat":[237,220,217,307,234],"product_tag":[342,242,264,339],"class_list":{"0":"post-7232","1":"product","2":"type-product","3":"status-publish","4":"has-post-thumbnail","6":"product_cat-700ml","7":"product_cat-brancas","8":"product_cat-cachaca","9":"product_cat-promocoes","10":"product_cat-volume","11":"product_tag-ituiutaba","12":"product_tag-minas-gerais","13":"product_tag-prata","14":"product_tag-vanderley-azevedo","15":"pa_categoria-branca_prata","16":"pa_graduacao_alcoolica-45","17":"pa_origem-ituiutaba-minas-gerais","18":"pa_volume-700ml","20":"first","21":"instock","22":"sale","23":"taxable","24":"shipping-taxable","25":"purchasable","26":"product-type-simple","swatches":"rey-swatches","show_selected":""},"aioseo_notices":[],"acf":[],"_links":{"self":[{"href":"https:\/\/mundodacachaca.pt\/es\/wp-json\/wp\/v2\/product\/7232","targetHints":{"allow":["GET"]}}],"collection":[{"href":"https:\/\/mundodacachaca.pt\/es\/wp-json\/wp\/v2\/product"}],"about":[{"href":"https:\/\/mundodacachaca.pt\/es\/wp-json\/wp\/v2\/types\/product"}],"replies":[{"embeddable":true,"href":"https:\/\/mundodacachaca.pt\/es\/wp-json\/wp\/v2\/comments?post=7232"}],"version-history":[{"count":1,"href":"https:\/\/mundodacachaca.pt\/es\/wp-json\/wp\/v2\/product\/7232\/revisions"}],"predecessor-version":[{"id":7714,"href":"https:\/\/mundodacachaca.pt\/es\/wp-json\/wp\/v2\/product\/7232\/revisions\/7714"}],"wp:featuredmedia":[{"embeddable":true,"href":"https:\/\/mundodacachaca.pt\/es\/wp-json\/wp\/v2\/media\/7233"}],"wp:attachment":[{"href":"https:\/\/mundodacachaca.pt\/es\/wp-json\/wp\/v2\/media?parent=7232"}],"wp:term":[{"taxonomy":"product_cat","embeddable":true,"href":"https:\/\/mundodacachaca.pt\/es\/wp-json\/wp\/v2\/product_cat?post=7232"},{"taxonomy":"product_tag","embeddable":true,"href":"https:\/\/mundodacachaca.pt\/es\/wp-json\/wp\/v2\/product_tag?post=7232"}],"curies":[{"name":"wp","href":"https:\/\/api.w.org\/{rel}","templated":true}]}}

Vanderley Azevedo Prata Still Cachaça 70cl

<p>Final quente com uma agradável sensação doce e picante. Uma potência da cana-de-açúcar recheada de sabores típicos e bem desenvolvidos.<br />
AROMA: Suco de cana fresco com notas de ervas, açúcar mascavo e mel, com suave toque floral.<br />
SABOR: A sensação na boca é equilibrada, com harmonia entre doçura e adstringência etílica, e textura em sintonia com o aroma. Notas florais e herbáceas da cana estão presentes, resultando em final longo e assertivo.</p>
